{"id":3693,"date":"2022-07-26T21:48:17","date_gmt":"2022-07-26T19:48:17","guid":{"rendered":"https:\/\/www.clu-you.com\/blog\/?page_id=3693"},"modified":"2022-07-26T21:57:29","modified_gmt":"2022-07-26T19:57:29","slug":"viktoria-hobein","status":"publish","type":"page","link":"https:\/\/www.clu-you.com\/blog\/viktoria-hobein\/?lang=es","title":{"rendered":"Viktoria Hobein"},"content":{"rendered":"<span class=\"span-reading-time rt-reading-time\" style=\"display: block;\"><span class=\"rt-label rt-prefix\">Tiempo de lectura:<\/span> <span class=\"rt-time\"> &lt; 1<\/span> <span class=\"rt-label rt-postfix\">minuto<\/span><\/span>\n<p class=\"has-secondary-color has-text-color\">Licenciado en Fitness (DHfPG, Academia BSA),<\/p>\n\n\n\n<p class=\"has-secondary-color has-text-color\">Entrenador de Atletismo, Entrenador de Fitness (B),<\/p>\n\n\n\n<p class=\"has-secondary-color has-text-color\">Asesoramiento nutricional (B) (DHfPG, BSA Academy)<\/p>\n\n\n\n<p class=\"has-secondary-color has-text-color\">Entrenador Dynamax<\/p>\n\n\n\n<p class=\"has-secondary-color has-text-color\">Metabolismo y regulaci\u00f3n hormonal (Figurmacher Akademie)<\/p>\n\n\n\n<p class=\"has-secondary-color has-text-color\">Especialista en medidas para reducir la celulitis, la retenci\u00f3n de l\u00edquidos, el s\u00edndrome premenstrual, los s\u00edntomas del estr\u00e9s y los desequilibrios hormonales (Figurmacher Akademie)<\/p>\n","protected":false},"excerpt":{"rendered":"<p><span class=\"span-reading-time rt-reading-time\" style=\"display: block;\"><span class=\"rt-label rt-prefix\">Tiempo de lectura:<\/span> <span class=\"rt-time\"> &lt; 1<\/span> <span class=\"rt-label rt-postfix\">minuto<\/span><\/span>Licenciado en Fitness (DHfPG, Academia BSA), Entrenador de Atletismo, Entrenador de Fitness (B), Asesoramiento nutricional (B) (DHfPG, BSA Academy) Entrenador Dynamax Metabolismo y regulaci\u00f3n hormonal (Figurmacher Akademie) Especialista en medidas para reducir la celulitis, la retenci\u00f3n de l\u00edquidos, el s\u00edndrome premenstrual, los s\u00edntomas del estr\u00e9s y los desequilibrios hormonales (Figurmacher Akademie)<\/p>\n","protected":false},"author":6,"featured_media":785,"parent":0,"menu_order":0,"comment_status":"closed","ping_status":"closed","template":"","meta":{"footnotes":""},"class_list":["post-3693","page","type-page","status-publish","has-post-thumbnail","hentry"],"yoast_head":"<!-- This site is optimized with the Yoast SEO plugin v27.4 - https:\/\/yoast.com\/product\/yoast-seo-wordpress\/ -->\n<title>Implementar un estilo de vida hol\u00edstico para perder peso<\/title>\n<meta name=\"description\" content=\"Me apasiona compartir mis conocimientos sobre nutrici\u00f3n, salud hol\u00edstica y ejercicio. Acompa\u00f1ame, junto a Clu.\" \/>\n<meta name=\"robots\" content=\"index, follow, max-snippet:-1, max-image-preview:large, max-video-preview:-1\" \/>\n<link rel=\"canonical\" href=\"https:\/\/www.clu-you.com\/blog\/viktoria-hobein\/?lang=es\" \/>\n<meta property=\"og:locale\" content=\"de_DE\" \/>\n<meta property=\"og:type\" content=\"article\" \/>\n<meta property=\"og:title\" content=\"Implementar un estilo de vida hol\u00edstico para perder peso\" \/>\n<meta property=\"og:description\" content=\"Me apasiona compartir mis conocimientos sobre nutrici\u00f3n, salud hol\u00edstica y ejercicio. Acompa\u00f1ame, junto a Clu.\" \/>\n<meta property=\"og:url\" content=\"https:\/\/www.clu-you.com\/blog\/viktoria-hobein\/?lang=es\" \/>\n<meta property=\"og:site_name\" content=\"Clu Blog\" \/>\n<meta property=\"article:modified_time\" content=\"2022-07-26T19:57:29+00:00\" \/>\n<meta property=\"og:image\" content=\"https:\/\/www.clu-you.com\/blog\/wp-content\/uploads\/2021\/01\/image0-scaled-e1611238674529.jpeg\" \/>\n\t<meta property=\"og:image:width\" content=\"900\" \/>\n\t<meta property=\"og:image:height\" content=\"1200\" \/>\n\t<meta property=\"og:image:type\" content=\"image\/jpeg\" \/>\n<meta name=\"twitter:card\" content=\"summary_large_image\" \/>\n<meta name=\"twitter:label1\" content=\"Gesch\u00e4tzte Lesezeit\" \/>\n\t<meta name=\"twitter:data1\" content=\"1\u00a0Minute\" \/>\n<script type=\"application\/ld+json\" class=\"yoast-schema-graph\">{\"@context\":\"https:\\\/\\\/schema.org\",\"@graph\":[{\"@type\":\"WebPage\",\"@id\":\"https:\\\/\\\/www.clu-you.com\\\/blog\\\/viktoria-hobein\\\/?lang=es\",\"url\":\"https:\\\/\\\/www.clu-you.com\\\/blog\\\/viktoria-hobein\\\/?lang=es\",\"name\":\"Implementar un estilo de vida hol\u00edstico para perder peso\",\"isPartOf\":{\"@id\":\"https:\\\/\\\/www.clu-you.com\\\/blog\\\/#website\"},\"primaryImageOfPage\":{\"@id\":\"https:\\\/\\\/www.clu-you.com\\\/blog\\\/viktoria-hobein\\\/?lang=es#primaryimage\"},\"image\":{\"@id\":\"https:\\\/\\\/www.clu-you.com\\\/blog\\\/viktoria-hobein\\\/?lang=es#primaryimage\"},\"thumbnailUrl\":\"https:\\\/\\\/www.clu-you.com\\\/blog\\\/wp-content\\\/uploads\\\/2021\\\/01\\\/image0-scaled-e1611238674529.jpeg\",\"datePublished\":\"2022-07-26T19:48:17+00:00\",\"dateModified\":\"2022-07-26T19:57:29+00:00\",\"description\":\"Me apasiona compartir mis conocimientos sobre nutrici\u00f3n, salud hol\u00edstica y ejercicio. Acompa\u00f1ame, junto a Clu.\",\"breadcrumb\":{\"@id\":\"https:\\\/\\\/www.clu-you.com\\\/blog\\\/viktoria-hobein\\\/?lang=es#breadcrumb\"},\"inLanguage\":\"de\",\"potentialAction\":[{\"@type\":\"ReadAction\",\"target\":[\"https:\\\/\\\/www.clu-you.com\\\/blog\\\/viktoria-hobein\\\/?lang=es\"]}]},{\"@type\":\"ImageObject\",\"inLanguage\":\"de\",\"@id\":\"https:\\\/\\\/www.clu-you.com\\\/blog\\\/viktoria-hobein\\\/?lang=es#primaryimage\",\"url\":\"https:\\\/\\\/www.clu-you.com\\\/blog\\\/wp-content\\\/uploads\\\/2021\\\/01\\\/image0-scaled-e1611238674529.jpeg\",\"contentUrl\":\"https:\\\/\\\/www.clu-you.com\\\/blog\\\/wp-content\\\/uploads\\\/2021\\\/01\\\/image0-scaled-e1611238674529.jpeg\",\"width\":900,\"height\":1200,\"caption\":\"Viktoria Hobein\"},{\"@type\":\"BreadcrumbList\",\"@id\":\"https:\\\/\\\/www.clu-you.com\\\/blog\\\/viktoria-hobein\\\/?lang=es#breadcrumb\",\"itemListElement\":[{\"@type\":\"ListItem\",\"position\":1,\"name\":\"Startseite\",\"item\":\"https:\\\/\\\/www.clu-you.com\\\/blog\\\/\"},{\"@type\":\"ListItem\",\"position\":2,\"name\":\"Viktoria Hobein\"}]},{\"@type\":\"WebSite\",\"@id\":\"https:\\\/\\\/www.clu-you.com\\\/blog\\\/#website\",\"url\":\"https:\\\/\\\/www.clu-you.com\\\/blog\\\/\",\"name\":\"Clu Blog\",\"description\":\"\",\"publisher\":{\"@id\":\"https:\\\/\\\/www.clu-you.com\\\/blog\\\/#organization\"},\"potentialAction\":[{\"@type\":\"SearchAction\",\"target\":{\"@type\":\"EntryPoint\",\"urlTemplate\":\"https:\\\/\\\/www.clu-you.com\\\/blog\\\/?s={search_term_string}\"},\"query-input\":{\"@type\":\"PropertyValueSpecification\",\"valueRequired\":true,\"valueName\":\"search_term_string\"}}],\"inLanguage\":\"de\"},{\"@type\":\"Organization\",\"@id\":\"https:\\\/\\\/www.clu-you.com\\\/blog\\\/#organization\",\"name\":\"Clu Blog\",\"url\":\"https:\\\/\\\/www.clu-you.com\\\/blog\\\/\",\"logo\":{\"@type\":\"ImageObject\",\"inLanguage\":\"de\",\"@id\":\"https:\\\/\\\/www.clu-you.com\\\/blog\\\/#\\\/schema\\\/logo\\\/image\\\/\",\"url\":\"https:\\\/\\\/www.clu-you.com\\\/blog\\\/wp-content\\\/uploads\\\/2020\\\/11\\\/cropped-cropped-clu_logo_72dpi_rgb.png\",\"contentUrl\":\"https:\\\/\\\/www.clu-you.com\\\/blog\\\/wp-content\\\/uploads\\\/2020\\\/11\\\/cropped-cropped-clu_logo_72dpi_rgb.png\",\"width\":850,\"height\":850,\"caption\":\"Clu Blog\"},\"image\":{\"@id\":\"https:\\\/\\\/www.clu-you.com\\\/blog\\\/#\\\/schema\\\/logo\\\/image\\\/\"}}]}<\/script>\n<!-- \/ Yoast SEO plugin. -->","yoast_head_json":{"title":"Implementar un estilo de vida hol\u00edstico para perder peso","description":"Me apasiona compartir mis conocimientos sobre nutrici\u00f3n, salud hol\u00edstica y ejercicio. Acompa\u00f1ame, junto a Clu.","robots":{"index":"index","follow":"follow","max-snippet":"max-snippet:-1","max-image-preview":"max-image-preview:large","max-video-preview":"max-video-preview:-1"},"canonical":"https:\/\/www.clu-you.com\/blog\/viktoria-hobein\/?lang=es","og_locale":"de_DE","og_type":"article","og_title":"Implementar un estilo de vida hol\u00edstico para perder peso","og_description":"Me apasiona compartir mis conocimientos sobre nutrici\u00f3n, salud hol\u00edstica y ejercicio. Acompa\u00f1ame, junto a Clu.","og_url":"https:\/\/www.clu-you.com\/blog\/viktoria-hobein\/?lang=es","og_site_name":"Clu Blog","article_modified_time":"2022-07-26T19:57:29+00:00","og_image":[{"width":900,"height":1200,"url":"https:\/\/www.clu-you.com\/blog\/wp-content\/uploads\/2021\/01\/image0-scaled-e1611238674529.jpeg","type":"image\/jpeg"}],"twitter_card":"summary_large_image","twitter_misc":{"Gesch\u00e4tzte Lesezeit":"1\u00a0Minute"},"schema":{"@context":"https:\/\/schema.org","@graph":[{"@type":"WebPage","@id":"https:\/\/www.clu-you.com\/blog\/viktoria-hobein\/?lang=es","url":"https:\/\/www.clu-you.com\/blog\/viktoria-hobein\/?lang=es","name":"Implementar un estilo de vida hol\u00edstico para perder peso","isPartOf":{"@id":"https:\/\/www.clu-you.com\/blog\/#website"},"primaryImageOfPage":{"@id":"https:\/\/www.clu-you.com\/blog\/viktoria-hobein\/?lang=es#primaryimage"},"image":{"@id":"https:\/\/www.clu-you.com\/blog\/viktoria-hobein\/?lang=es#primaryimage"},"thumbnailUrl":"https:\/\/www.clu-you.com\/blog\/wp-content\/uploads\/2021\/01\/image0-scaled-e1611238674529.jpeg","datePublished":"2022-07-26T19:48:17+00:00","dateModified":"2022-07-26T19:57:29+00:00","description":"Me apasiona compartir mis conocimientos sobre nutrici\u00f3n, salud hol\u00edstica y ejercicio. Acompa\u00f1ame, junto a Clu.","breadcrumb":{"@id":"https:\/\/www.clu-you.com\/blog\/viktoria-hobein\/?lang=es#breadcrumb"},"inLanguage":"de","potentialAction":[{"@type":"ReadAction","target":["https:\/\/www.clu-you.com\/blog\/viktoria-hobein\/?lang=es"]}]},{"@type":"ImageObject","inLanguage":"de","@id":"https:\/\/www.clu-you.com\/blog\/viktoria-hobein\/?lang=es#primaryimage","url":"https:\/\/www.clu-you.com\/blog\/wp-content\/uploads\/2021\/01\/image0-scaled-e1611238674529.jpeg","contentUrl":"https:\/\/www.clu-you.com\/blog\/wp-content\/uploads\/2021\/01\/image0-scaled-e1611238674529.jpeg","width":900,"height":1200,"caption":"Viktoria Hobein"},{"@type":"BreadcrumbList","@id":"https:\/\/www.clu-you.com\/blog\/viktoria-hobein\/?lang=es#breadcrumb","itemListElement":[{"@type":"ListItem","position":1,"name":"Startseite","item":"https:\/\/www.clu-you.com\/blog\/"},{"@type":"ListItem","position":2,"name":"Viktoria Hobein"}]},{"@type":"WebSite","@id":"https:\/\/www.clu-you.com\/blog\/#website","url":"https:\/\/www.clu-you.com\/blog\/","name":"Clu Blog","description":"","publisher":{"@id":"https:\/\/www.clu-you.com\/blog\/#organization"},"potentialAction":[{"@type":"SearchAction","target":{"@type":"EntryPoint","urlTemplate":"https:\/\/www.clu-you.com\/blog\/?s={search_term_string}"},"query-input":{"@type":"PropertyValueSpecification","valueRequired":true,"valueName":"search_term_string"}}],"inLanguage":"de"},{"@type":"Organization","@id":"https:\/\/www.clu-you.com\/blog\/#organization","name":"Clu Blog","url":"https:\/\/www.clu-you.com\/blog\/","logo":{"@type":"ImageObject","inLanguage":"de","@id":"https:\/\/www.clu-you.com\/blog\/#\/schema\/logo\/image\/","url":"https:\/\/www.clu-you.com\/blog\/wp-content\/uploads\/2020\/11\/cropped-cropped-clu_logo_72dpi_rgb.png","contentUrl":"https:\/\/www.clu-you.com\/blog\/wp-content\/uploads\/2020\/11\/cropped-cropped-clu_logo_72dpi_rgb.png","width":850,"height":850,"caption":"Clu Blog"},"image":{"@id":"https:\/\/www.clu-you.com\/blog\/#\/schema\/logo\/image\/"}}]}},"_links":{"self":[{"href":"https:\/\/www.clu-you.com\/blog\/wp-json\/wp\/v2\/pages\/3693","targetHints":{"allow":["GET"]}}],"collection":[{"href":"https:\/\/www.clu-you.com\/blog\/wp-json\/wp\/v2\/pages"}],"about":[{"href":"https:\/\/www.clu-you.com\/blog\/wp-json\/wp\/v2\/types\/page"}],"author":[{"embeddable":true,"href":"https:\/\/www.clu-you.com\/blog\/wp-json\/wp\/v2\/users\/6"}],"replies":[{"embeddable":true,"href":"https:\/\/www.clu-you.com\/blog\/wp-json\/wp\/v2\/comments?post=3693"}],"version-history":[{"count":1,"href":"https:\/\/www.clu-you.com\/blog\/wp-json\/wp\/v2\/pages\/3693\/revisions"}],"predecessor-version":[{"id":3695,"href":"https:\/\/www.clu-you.com\/blog\/wp-json\/wp\/v2\/pages\/3693\/revisions\/3695"}],"wp:featuredmedia":[{"embeddable":true,"href":"https:\/\/www.clu-you.com\/blog\/wp-json\/wp\/v2\/media\/785"}],"wp:attachment":[{"href":"https:\/\/www.clu-you.com\/blog\/wp-json\/wp\/v2\/media?parent=3693"}],"curies":[{"name":"wp","href":"https:\/\/api.w.org\/{rel}","templated":true}]}}