{"id":1044,"date":"2021-01-28T17:31:06","date_gmt":"2021-01-28T16:31:06","guid":{"rendered":"https:\/\/www.clu-you.com\/blog\/?page_id=1044"},"modified":"2021-03-19T11:34:15","modified_gmt":"2021-03-19T10:34:15","slug":"dr-victoria-soell","status":"publish","type":"page","link":"https:\/\/www.clu-you.com\/blog\/dr-victoria-soell\/","title":{"rendered":"Dr. Victoria Soell"},"content":{"rendered":"<span class=\"span-reading-time rt-reading-time\" style=\"display: block;\"><span class=\"rt-label rt-prefix\">Tiempo de lectura:<\/span> <span class=\"rt-time\"> 3<\/span> <span class=\"rt-label rt-postfix\">minutos<\/span><\/span>\n<p class=\"has-text-align-center\">(<em>Dr.<\/em> <em>Victoria Meisel<\/em>) <span class=\"has-inline-color has-secondary-color\">Psychologist. Master in Research Designs and Applications in Psychology and Health. Doctor in Biosocial Health Sciences<\/span><\/p>\n\n\n\n<p><span class=\"has-inline-color has-secondary-color\"><strong>2005-2015:<\/strong> Reseacher in the Development and Psychopathology Group (DEVPSY) in the UIB (University of the Balearic Islands, Spain) <a href=\"https:\/\/www.uib.es\/es\/recerca\/estructures\/grups\/grup\/DEVPSY\/equip\/index.html\" target=\"_blank\" rel=\"noreferrer noopener\">Website<\/a><\/span><\/p>\n\n\n\n<p><span class=\"has-inline-color has-secondary-color\"><strong>Since 2017<\/strong>: Founder and Creative Director of Victoria Soell<\/span><\/p>\n\n\n\n<p><span class=\"has-inline-color has-secondary-color\"><strong>Since 2019:<\/strong> Co-founder of Leyana GmbH and CMO<\/span><\/p>\n\n\n\n<p><strong><span class=\"has-inline-color has-secondary-color\">PUBLICATIONS<\/span><\/strong><\/p>\n\n\n\n<p><span class=\"has-inline-color has-secondary-color\"><strong>2009:<\/strong> El efecto de los payasos de hospital en el malestar psicol\u00f3gico y las conductas desadaptativas de los ni\u00f1os y ni\u00f1as sometidos a cirug\u00eda menor [The effect of hospital clowns on psychologicl distress and maladaptive behaviours in children undergoing surgery]. Journal: Psicothema <a href=\"http:\/\/www.psicothema.com\" target=\"_blank\" rel=\"noreferrer noopener\">Website<\/a><\/span><\/p>\n\n\n\n<p><span class=\"has-inline-color has-secondary-color\"><strong>2009:<\/strong> Trastorno Negativista Desafiante: Aspectos relacionados con el sexo y el evaluador [Oppositional Defiant Disorder: Aspects related to sex differences and informant]. Journal: Revista de Neurolog\u00eda <a href=\"https:\/\/www.neurologia.com\" target=\"_blank\" rel=\"noreferrer noopener\">Website<\/a><\/span><\/p>\n\n\n\n<p><span class=\"has-inline-color has-secondary-color\"><strong>2009:<\/strong> \u00bfCu\u00e0l es la combinaci\u00f3n de s\u00edntomas seg\u00fan padre y maestros m\u00e1s fiable para el diagn\u00f3stico del TDAH? [What combination of symptoms would be more reliable for the diagnosis of ADHD according to parents and teachers?]. Journal: Anales de Pediatr\u00eda <a href=\"https:\/\/www.analesdepediatria.org\" target=\"_blank\" rel=\"noreferrer noopener\">Website<\/a><\/span><\/p>\n\n\n\n<p><span class=\"has-inline-color has-secondary-color\"><strong>2010:<\/strong> The effect of hospital clowns on psychological distress and maladaptive behaviours in children undergoing surgery. Journal: Psychology in Spain <a href=\"http:\/\/www.psychologyinspain.com\" target=\"_blank\" rel=\"noreferrer noopener\">Website<\/a><\/span><\/p>\n\n\n\n<p><span class=\"has-inline-color has-secondary-color\"><strong>2011:<\/strong> Pro-social personality traits and adaptation to stress. Journal: Social Behavior and Personality <a href=\"https:\/\/www.sbp-journal.com\/index.php\/sbp\" target=\"_blank\" rel=\"noreferrer noopener\">Website<\/a><\/span><\/p>\n\n\n\n<p><span class=\"has-inline-color has-secondary-color\"><strong>2013:<\/strong> Prevalence of Oppositional Defiant Disorder in a sample of Spanish schoolchildren. Journal: Spanish Journal of Psychology <a href=\"https:\/\/www.cambridge.org\/core\/journals\/spanish-journal-of-psychology\" target=\"_blank\" rel=\"noreferrer noopener\">Website<\/a><\/span><\/p>\n\n\n\n<p><span class=\"has-inline-color has-secondary-color\"><strong>2014: <\/strong>Neurofeedback and standard pharmacological intervention in ADHD: a randomized controlled trial with six-month follow-up. Journal: Biological Psychology <a href=\"https:\/\/www.journals.elsevier.com\/biological-psychology#:~:text=Biological%20Psychology%20publishes%20original%20scientific,induced%20changes%20in%20psychological%20function.\" target=\"_blank\" rel=\"noreferrer noopener\">Website<\/a><\/span><\/p>\n\n\n\n<p><span class=\"has-inline-color has-secondary-color\"><strong>2020:<\/strong> What did social distancing bring into Focus? Market People Magazine. London, UK. Issue 4. <a href=\"https:\/\/online.pubhtml5.com\/lehx\/xxsm\/#p=65\" target=\"_blank\" rel=\"noreferrer noopener\">Website<\/a><\/span><\/p>\n\n\n\n<p><strong><span class=\"has-inline-color has-secondary-color\">BOOK PUBLICATIONS<\/span><\/strong><\/p>\n\n\n\n<p><span class=\"has-inline-color has-secondary-color\"><strong>2014:<\/strong> Neurofeedback como tratamiento para el deficit de atenci\u00f3n e hiperactividad [Neurofeedback as a treatment for attention deficit and hyperactivity disorder]. Book Title: Manual pr\u00e1ctico de procedimientos terap\u00e9uticos para ni\u00f1os y adolescentes [Applied Manual of therapeutic procedures for children and adolescents]<\/span><\/p>\n\n\n\n<p><strong><span class=\"has-inline-color has-secondary-color\">PARTICIPATION IN RESEARCH PROJECTS<\/span><\/strong><\/p>\n\n\n\n<p><span class=\"has-inline-color has-secondary-color\"><strong>2007-2010:<\/strong> Title of the project: The effects of progressive muscular relaxation in the basal cortisol response of high and low neuroticism students. Kind of contract\/Program: PNCS &#8211; Programa Nacional de Ciencias Sociales, Econ\u00f3micas y Jur\u00eddicas (SEJ2007-63837). Financing Firm\/administration: MECI &#8211; Ministerio de Educaci\u00f3n y Ciencia . Main researcher: Gloria Garc\u00eda de la Banda Garc\u00eda<\/span><\/p>\n\n\n\n<p><span class=\"has-inline-color has-secondary-color\"><strong>2008-2011:<\/strong> Title of the project: Estudio aleatorio, controlado y abierto para evaluar la eficacia de la Neurofeedback en el tratamiento del TDAH frente a un tratamiento conductual y al tratamiento farmacol\u00f3gico est\u00e1ndar [Randomized, controlled, and open study to evaluate the efficacy of neurofeedback in Attention-Deficit\/Hyperactivity Disorder treatment versus behavioral therapy and standard drug therapy]. Kind of contract\/Program: PNII &#8211; Internacionalizaci\u00f3n de la I+D. Plan Nacional de I+D+I (2008-2011). Financing Firm\/administration: MECI &#8211; Ministerio de Educaci\u00f3n y Ciencia. Main researcher: Inmaculada Garc\u00eda Moreno<\/span><\/p>\n\n\n\n<p><span class=\"has-inline-color has-secondary-color\"><strong>2010-2011:<\/strong> Title of the project: Propuesta de creaci\u00f3n de una red de excelencia multidisciplinar para reducir el malestar psicol\u00f3gico infantil ante procedimientos dolorosos realizados en el contexto hospitalario [Proposal for the creation of a multidisciplinary network to reduce children\u00b4s distress during painful procedures in hospital context]. Kind of contract\/Program: AERD &#8211; Accions Especials de Recerca, Desenvolupament Tecnol\u00f2gic i Innovaci\u00f3 del Govern de les Illes Balears. Financing Firm\/administration: DGRB &#8211; Direcci\u00f3 General de Recerca, Desenvolupament Tecnol\u00f2gic i Innovaci\u00f3 Conselleria d&#8217;Economia, Hisenda i Innovaci\u00f3 del Govern Balear. Main researcher: Esperanza Ponsell<\/span><\/p>\n\n\n\n<p><span class=\"has-inline-color has-secondary-color\"><strong>2011-2014:<\/strong> Title of the project: Using Slugish Tempo Symptoms and a Longitudinal Design to improve our understanding of Attention Deficit\/Hyperactivity Disorder. Kind of contract\/Program: PNII &#8211; Internacionalizaci\u00f3n de la I+D. Plan Nacional de I+D+I (2008-2011). Financing Firm\/administration: MECI &#8211; Ministerio de Educaci\u00f3n y Ciencia. Main researcher: Mateu Servera Barcel\u00f3<\/span><\/p>\n\n\n\n<p><strong><span class=\"has-inline-color has-secondary-color\">LECTURES AND SEMINARS<\/span><\/strong><\/p>\n\n\n\n<p><span class=\"has-inline-color has-secondary-color\"><strong>2010:<\/strong> Neurofeedback as a treatment for Attention Deficit and Hyperactivity Disorder (ADHD): a comparison with pharmacological intervention. University of T\u00fcbingen (T\u00fcbingen, Germany)<\/span><\/p>\n\n\n\n<p><span class=\"has-inline-color has-secondary-color\"><strong>2017:<\/strong> Effective pedagogy in school settings (\u201cPedadog\u00eda efectiva en la escuela\u201d). Fundemabu School (Barranquilla, Colombia)<\/span><\/p>\n\n\n\n<p><span class=\"has-inline-color has-secondary-color\"><strong>2018:<\/strong> Preoperative anxiety in children: effective interventions. Second International Symposium Cardiovascular System: Heart problems in adolescence: straddling pediatric and adult age. Artemisia Onlus in collaboration with Cardiac Surgery Unit of Klinikum N\u00fcrnberg Paracelsus Medical University. Rome, Italy. <a href=\"https:\/\/www.artemisialab.it\/convegno-apparato-cardiocircolatorio\/\" target=\"_blank\" rel=\"noreferrer noopener\">Website<\/a><\/span><\/p>\n\n\n\n<p><strong><span class=\"has-inline-color has-secondary-color\">PRESS RELEASES<\/span><\/strong><\/p>\n\n\n\n<p><span class=\"has-inline-color has-secondary-color\"><strong>25.11.2006:<\/strong> AFA propone una asignatura espec\u00edfica para que los alumnos aprendan t\u00e9cnicas de studio. En: Educaci\u00f3n\/Medidas contra el fracas escolar &#8211; El Mundo\/ El d\u00eda de Baleares, [AFA proposes a specific subject in order for the students to learn study methods]<\/span><\/p>\n\n\n\n<p><span class=\"has-inline-color has-secondary-color\"><strong>12.11.2013:<\/strong> Estudio Pionero en Espanna: El neurofeedback como tratamiento para el TDAH En: Cuestiones de actualidad desde la \u00f3ptica de expertos. Tribuna- \u00daltima Hora [Pioneer Study in Spain: neurofeedback as a treatment for ADHD]<\/span><\/p>\n\n\n\n<p><span class=\"has-inline-color has-secondary-color\"><strong>In press:<\/strong> Isolation durch Soziale Distanzierung \u2013 Was bedeutet das f\u00fcr alte Menschen? [Isolation through Social Distancing &#8211; implications for older people]. Frankenpost.<\/span><\/p>\n","protected":false},"excerpt":{"rendered":"<p><span class=\"span-reading-time rt-reading-time\" style=\"display: block;\"><span class=\"rt-label rt-prefix\">Tiempo de lectura:<\/span> <span class=\"rt-time\"> 3<\/span> <span class=\"rt-label rt-postfix\">minutos<\/span><\/span>(Dr. Victoria Meisel) Psychologist. Master in Research Designs and Applications in Psychology and Health. Doctor in Biosocial Health Sciences 2005-2015: Reseacher in the Development and Psychopathology Group (DEVPSY) in the UIB (University of the Balearic Islands, Spain) Website Since 2017: Founder and Creative Director of Victoria Soell Since 2019: Co-founder of Leyana GmbH and CMO [&hellip;]<\/p>\n","protected":false},"author":1,"featured_media":390,"parent":0,"menu_order":0,"comment_status":"closed","ping_status":"closed","template":"","meta":{"footnotes":""},"class_list":["post-1044","page","type-page","status-publish","has-post-thumbnail","hentry"],"yoast_head":"<!-- This site is optimized with the Yoast SEO plugin v27.4 - https:\/\/yoast.com\/product\/yoast-seo-wordpress\/ -->\n<title>Eine starke Frau hinter Clu<\/title>\n<meta name=\"description\" content=\"Psychologin, Master in Forschungsdesigns und Anwendungen in Psychologie und Gesundheit. Promoviert in Biosozialen Gesundheitswissenschaften\" \/>\n<meta name=\"robots\" content=\"index, follow, max-snippet:-1, max-image-preview:large, max-video-preview:-1\" \/>\n<link rel=\"canonical\" href=\"https:\/\/www.clu-you.com\/blog\/dr-victoria-soell\/\" \/>\n<meta property=\"og:locale\" content=\"de_DE\" \/>\n<meta property=\"og:type\" content=\"article\" \/>\n<meta property=\"og:title\" content=\"Eine starke Frau hinter Clu\" \/>\n<meta property=\"og:description\" content=\"Psychologin, Master in Forschungsdesigns und Anwendungen in Psychologie und Gesundheit. Promoviert in Biosozialen Gesundheitswissenschaften\" \/>\n<meta property=\"og:url\" content=\"https:\/\/www.clu-you.com\/blog\/dr-victoria-soell\/\" \/>\n<meta property=\"og:site_name\" content=\"Clu Blog\" \/>\n<meta property=\"article:modified_time\" content=\"2021-03-19T10:34:15+00:00\" \/>\n<meta property=\"og:image\" content=\"https:\/\/www.clu-you.com\/blog\/wp-content\/uploads\/2021\/01\/about-clu-titelbild.jpg\" \/>\n\t<meta property=\"og:image:width\" content=\"1200\" \/>\n\t<meta property=\"og:image:height\" content=\"800\" \/>\n\t<meta property=\"og:image:type\" content=\"image\/jpeg\" \/>\n<meta name=\"twitter:card\" content=\"summary_large_image\" \/>\n<meta name=\"twitter:label1\" content=\"Gesch\u00e4tzte Lesezeit\" \/>\n\t<meta name=\"twitter:data1\" content=\"4\u00a0Minuten\" \/>\n<script type=\"application\/ld+json\" class=\"yoast-schema-graph\">{\"@context\":\"https:\\\/\\\/schema.org\",\"@graph\":[{\"@type\":\"WebPage\",\"@id\":\"https:\\\/\\\/www.clu-you.com\\\/blog\\\/dr-victoria-soell\\\/\",\"url\":\"https:\\\/\\\/www.clu-you.com\\\/blog\\\/dr-victoria-soell\\\/\",\"name\":\"Eine starke Frau hinter Clu\",\"isPartOf\":{\"@id\":\"https:\\\/\\\/www.clu-you.com\\\/blog\\\/#website\"},\"primaryImageOfPage\":{\"@id\":\"https:\\\/\\\/www.clu-you.com\\\/blog\\\/dr-victoria-soell\\\/#primaryimage\"},\"image\":{\"@id\":\"https:\\\/\\\/www.clu-you.com\\\/blog\\\/dr-victoria-soell\\\/#primaryimage\"},\"thumbnailUrl\":\"https:\\\/\\\/www.clu-you.com\\\/blog\\\/wp-content\\\/uploads\\\/2021\\\/01\\\/about-clu-titelbild.jpg\",\"datePublished\":\"2021-01-28T16:31:06+00:00\",\"dateModified\":\"2021-03-19T10:34:15+00:00\",\"description\":\"Psychologin, Master in Forschungsdesigns und Anwendungen in Psychologie und Gesundheit. Promoviert in Biosozialen Gesundheitswissenschaften\",\"breadcrumb\":{\"@id\":\"https:\\\/\\\/www.clu-you.com\\\/blog\\\/dr-victoria-soell\\\/#breadcrumb\"},\"inLanguage\":\"de\",\"potentialAction\":[{\"@type\":\"ReadAction\",\"target\":[\"https:\\\/\\\/www.clu-you.com\\\/blog\\\/dr-victoria-soell\\\/\"]}]},{\"@type\":\"ImageObject\",\"inLanguage\":\"de\",\"@id\":\"https:\\\/\\\/www.clu-you.com\\\/blog\\\/dr-victoria-soell\\\/#primaryimage\",\"url\":\"https:\\\/\\\/www.clu-you.com\\\/blog\\\/wp-content\\\/uploads\\\/2021\\\/01\\\/about-clu-titelbild.jpg\",\"contentUrl\":\"https:\\\/\\\/www.clu-you.com\\\/blog\\\/wp-content\\\/uploads\\\/2021\\\/01\\\/about-clu-titelbild.jpg\",\"width\":1200,\"height\":800,\"caption\":\"Dr. Victoria Soell\"},{\"@type\":\"BreadcrumbList\",\"@id\":\"https:\\\/\\\/www.clu-you.com\\\/blog\\\/dr-victoria-soell\\\/#breadcrumb\",\"itemListElement\":[{\"@type\":\"ListItem\",\"position\":1,\"name\":\"Startseite\",\"item\":\"https:\\\/\\\/www.clu-you.com\\\/blog\\\/\"},{\"@type\":\"ListItem\",\"position\":2,\"name\":\"Dr. Victoria Soell\"}]},{\"@type\":\"WebSite\",\"@id\":\"https:\\\/\\\/www.clu-you.com\\\/blog\\\/#website\",\"url\":\"https:\\\/\\\/www.clu-you.com\\\/blog\\\/\",\"name\":\"Clu Blog\",\"description\":\"\",\"publisher\":{\"@id\":\"https:\\\/\\\/www.clu-you.com\\\/blog\\\/#organization\"},\"potentialAction\":[{\"@type\":\"SearchAction\",\"target\":{\"@type\":\"EntryPoint\",\"urlTemplate\":\"https:\\\/\\\/www.clu-you.com\\\/blog\\\/?s={search_term_string}\"},\"query-input\":{\"@type\":\"PropertyValueSpecification\",\"valueRequired\":true,\"valueName\":\"search_term_string\"}}],\"inLanguage\":\"de\"},{\"@type\":\"Organization\",\"@id\":\"https:\\\/\\\/www.clu-you.com\\\/blog\\\/#organization\",\"name\":\"Clu Blog\",\"url\":\"https:\\\/\\\/www.clu-you.com\\\/blog\\\/\",\"logo\":{\"@type\":\"ImageObject\",\"inLanguage\":\"de\",\"@id\":\"https:\\\/\\\/www.clu-you.com\\\/blog\\\/#\\\/schema\\\/logo\\\/image\\\/\",\"url\":\"https:\\\/\\\/www.clu-you.com\\\/blog\\\/wp-content\\\/uploads\\\/2020\\\/11\\\/cropped-cropped-clu_logo_72dpi_rgb.png\",\"contentUrl\":\"https:\\\/\\\/www.clu-you.com\\\/blog\\\/wp-content\\\/uploads\\\/2020\\\/11\\\/cropped-cropped-clu_logo_72dpi_rgb.png\",\"width\":850,\"height\":850,\"caption\":\"Clu Blog\"},\"image\":{\"@id\":\"https:\\\/\\\/www.clu-you.com\\\/blog\\\/#\\\/schema\\\/logo\\\/image\\\/\"}}]}<\/script>\n<!-- \/ Yoast SEO plugin. -->","yoast_head_json":{"title":"Eine starke Frau hinter Clu","description":"Psychologin, Master in Forschungsdesigns und Anwendungen in Psychologie und Gesundheit. Promoviert in Biosozialen Gesundheitswissenschaften","robots":{"index":"index","follow":"follow","max-snippet":"max-snippet:-1","max-image-preview":"max-image-preview:large","max-video-preview":"max-video-preview:-1"},"canonical":"https:\/\/www.clu-you.com\/blog\/dr-victoria-soell\/","og_locale":"de_DE","og_type":"article","og_title":"Eine starke Frau hinter Clu","og_description":"Psychologin, Master in Forschungsdesigns und Anwendungen in Psychologie und Gesundheit. Promoviert in Biosozialen Gesundheitswissenschaften","og_url":"https:\/\/www.clu-you.com\/blog\/dr-victoria-soell\/","og_site_name":"Clu Blog","article_modified_time":"2021-03-19T10:34:15+00:00","og_image":[{"width":1200,"height":800,"url":"https:\/\/www.clu-you.com\/blog\/wp-content\/uploads\/2021\/01\/about-clu-titelbild.jpg","type":"image\/jpeg"}],"twitter_card":"summary_large_image","twitter_misc":{"Gesch\u00e4tzte Lesezeit":"4\u00a0Minuten"},"schema":{"@context":"https:\/\/schema.org","@graph":[{"@type":"WebPage","@id":"https:\/\/www.clu-you.com\/blog\/dr-victoria-soell\/","url":"https:\/\/www.clu-you.com\/blog\/dr-victoria-soell\/","name":"Eine starke Frau hinter Clu","isPartOf":{"@id":"https:\/\/www.clu-you.com\/blog\/#website"},"primaryImageOfPage":{"@id":"https:\/\/www.clu-you.com\/blog\/dr-victoria-soell\/#primaryimage"},"image":{"@id":"https:\/\/www.clu-you.com\/blog\/dr-victoria-soell\/#primaryimage"},"thumbnailUrl":"https:\/\/www.clu-you.com\/blog\/wp-content\/uploads\/2021\/01\/about-clu-titelbild.jpg","datePublished":"2021-01-28T16:31:06+00:00","dateModified":"2021-03-19T10:34:15+00:00","description":"Psychologin, Master in Forschungsdesigns und Anwendungen in Psychologie und Gesundheit. Promoviert in Biosozialen Gesundheitswissenschaften","breadcrumb":{"@id":"https:\/\/www.clu-you.com\/blog\/dr-victoria-soell\/#breadcrumb"},"inLanguage":"de","potentialAction":[{"@type":"ReadAction","target":["https:\/\/www.clu-you.com\/blog\/dr-victoria-soell\/"]}]},{"@type":"ImageObject","inLanguage":"de","@id":"https:\/\/www.clu-you.com\/blog\/dr-victoria-soell\/#primaryimage","url":"https:\/\/www.clu-you.com\/blog\/wp-content\/uploads\/2021\/01\/about-clu-titelbild.jpg","contentUrl":"https:\/\/www.clu-you.com\/blog\/wp-content\/uploads\/2021\/01\/about-clu-titelbild.jpg","width":1200,"height":800,"caption":"Dr. Victoria Soell"},{"@type":"BreadcrumbList","@id":"https:\/\/www.clu-you.com\/blog\/dr-victoria-soell\/#breadcrumb","itemListElement":[{"@type":"ListItem","position":1,"name":"Startseite","item":"https:\/\/www.clu-you.com\/blog\/"},{"@type":"ListItem","position":2,"name":"Dr. Victoria Soell"}]},{"@type":"WebSite","@id":"https:\/\/www.clu-you.com\/blog\/#website","url":"https:\/\/www.clu-you.com\/blog\/","name":"Clu Blog","description":"","publisher":{"@id":"https:\/\/www.clu-you.com\/blog\/#organization"},"potentialAction":[{"@type":"SearchAction","target":{"@type":"EntryPoint","urlTemplate":"https:\/\/www.clu-you.com\/blog\/?s={search_term_string}"},"query-input":{"@type":"PropertyValueSpecification","valueRequired":true,"valueName":"search_term_string"}}],"inLanguage":"de"},{"@type":"Organization","@id":"https:\/\/www.clu-you.com\/blog\/#organization","name":"Clu Blog","url":"https:\/\/www.clu-you.com\/blog\/","logo":{"@type":"ImageObject","inLanguage":"de","@id":"https:\/\/www.clu-you.com\/blog\/#\/schema\/logo\/image\/","url":"https:\/\/www.clu-you.com\/blog\/wp-content\/uploads\/2020\/11\/cropped-cropped-clu_logo_72dpi_rgb.png","contentUrl":"https:\/\/www.clu-you.com\/blog\/wp-content\/uploads\/2020\/11\/cropped-cropped-clu_logo_72dpi_rgb.png","width":850,"height":850,"caption":"Clu Blog"},"image":{"@id":"https:\/\/www.clu-you.com\/blog\/#\/schema\/logo\/image\/"}}]}},"_links":{"self":[{"href":"https:\/\/www.clu-you.com\/blog\/wp-json\/wp\/v2\/pages\/1044","targetHints":{"allow":["GET"]}}],"collection":[{"href":"https:\/\/www.clu-you.com\/blog\/wp-json\/wp\/v2\/pages"}],"about":[{"href":"https:\/\/www.clu-you.com\/blog\/wp-json\/wp\/v2\/types\/page"}],"author":[{"embeddable":true,"href":"https:\/\/www.clu-you.com\/blog\/wp-json\/wp\/v2\/users\/1"}],"replies":[{"embeddable":true,"href":"https:\/\/www.clu-you.com\/blog\/wp-json\/wp\/v2\/comments?post=1044"}],"version-history":[{"count":7,"href":"https:\/\/www.clu-you.com\/blog\/wp-json\/wp\/v2\/pages\/1044\/revisions"}],"predecessor-version":[{"id":1765,"href":"https:\/\/www.clu-you.com\/blog\/wp-json\/wp\/v2\/pages\/1044\/revisions\/1765"}],"wp:featuredmedia":[{"embeddable":true,"href":"https:\/\/www.clu-you.com\/blog\/wp-json\/wp\/v2\/media\/390"}],"wp:attachment":[{"href":"https:\/\/www.clu-you.com\/blog\/wp-json\/wp\/v2\/media?parent=1044"}],"curies":[{"name":"wp","href":"https:\/\/api.w.org\/{rel}","templated":true}]}}